01
What is -110100111 (base 2) in base 5?
-3143
Convert -111000000110 (base 2) to base 16.
-e06
What is 1234 (base 8) in base 14?
35a
What is -162051 (base 7) in base 3?
-1121210210
-2119 (base 11) to base 15
-c6d
What is -9a3 (base 14) in base 12?
-112b
What is -85 (base 12) in base 8?
-145
What is -25283 (base 13) in base 7?
-403601
123024 (base 5) to base 10
4764
What is -57f (base 16) in base 10?
-1407
229 (base 16) to base 12
3a1
Convert 51b5 (base 13) to base 12.
665a
What is 3855 (base 10) in base 16?
f0f
15414 (base 7) to base 8
10343
Convert 536 (base 15) to base 2.
10010011000
What is -597 (base 13) in base 16?
-3c9
What is 116 (base 10) in base 2?
1110100
Convert -184b (base 14) to base 5.
-120004
What is -1256 (base 8) in base 13?
-40a
What is -2001310 (base 4) in base 9?
-12351
What is 133032 (base 4) in base 10?
1998
What is -11312 (base 4) in base 7?
-1043
What is 44a (base 11) in base 3?
201221
What is -1202202 (base 4) in base 8?
-14242
Convert -1020 (base 8) to base 12.
-380
Convert -42d3 (base 14) to base 10.
-11553
What is 1840 (base 10) in base 9?
2464
What is -1cf (base 16) in base 4?
-13033
112638 (base 9) to base 8
204005
What is 12210101 (base 3) in base 15?
13b7
Convert -341 (base 7) to base 3.
-20112
1110100011010 (base 2) to base 6
54254
What is -7b8 (base 14) in base 10?
-1534
Convert -212112021 (base 3) to base 2.
-100001100000000
What is -49b (base 15) in base 8?
-2026
What is -c32d (base 15) in base 12?
-1ba2a
What is 23a4 (base 13) in base 12?
2ab7
Convert 10 (base 16) to base 6.
24
790b (base 12) to base 15
3e88
-11112212 (base 3) to base 14
-12cd
1240 (base 6) to base 10
312
What is -10378 (base 10) in base 4?
-2202022
-5315 (base 7) to base 5
-24444
2163 (base 11) to base 16
b24
What is -b02 (base 16) in base 4?
-230002
What is 578 (base 10) in base 3?
210102
Convert -1000000000101011 (base 2) to base 4.
-20000223
Convert -441 (base 11) to base 16.
-211
Convert 134124 (base 5) to base 16.
15a3
What is 25171 (base 11) in base 3?
1211120101
What is 6039 (base 12) in base 7?
42234
Convert 2ab7 (base 15) to base 2.
10001111010100
Convert 6053 (base 7) to base 6.
13412
What is -22682 (base 9) in base 5?
-441030
Convert 32 (base 13) to base 2.
101001
-1472 (base 9) to base 6
-5102
-14622 (base 10) to base 14
-5486
-2c10c (base 13) to base 8
-243323
Convert 548 (base 16) to base 12.
948
745 (base 9) to base 12
428
Convert 3042 (base 11) to base 10.
4039
-8716 (base 9) to base 2
-1100100001110
What is 10124031 (base 5) in base 13?
2ba2b
Convert -5bbe (base 16) to base 14.
-87b8
What is 2554 (base 6) in base 16?
286
Convert -1122031 (base 4) to base 15.
-1a9d
What is -65a3 (base 11) in base 13?
-3c67
What is 222020 (base 3) in base 13?
426
Convert -1111 (base 6) to base 11.
-216
What is -19ab (base 13) in base 4?
-330103
-ea9 (base 16) to base 9
-5130
7a38 (base 13) to base 5
1021431
Convert -830 (base 11) to base 3.
-1101002
-122010 (base 3) to base 8
-716
What is -20524 (base 8) in base 12?
-4b30
What is 102002 (base 3) in base 12?
20b
What is 296 (base 14) in base 12?
378
What is -200210 (base 3) in base 16?
-1fb
45086 (base 9) to base 8
72417
-186 (base 9) to base 11
-135
What is -308 (base 10) in base 2?
-100110100
Convert -2395 (base 10) to base 12.
-1477
What is 2b9c (base 13) in base 11?
4882
-10d1 (base 14) to base 6
-21315
Convert 1766 (base 16) to base 7.
23315
-1013 (base 9) to base 15
-346
What is -269 (base 11) in base 9?
-382
564 (base 9) to base 2
111001111
What is -91 (base 12) in base 2?
-1101101
What is -123314 (base 5) in base 6?
-34214
What is -30343 (base 5) in base 8?
-3665
What is 572 (base 11) in base 7?
1665
What is -1250 (base 7) in base 13?
-2a8
Convert 105e (base 16) to base 10.
4190
4322 (base 5) to base 9
722
Convert 3626 (base 14) to base 7.
36346
Convert 11022211 (base 3) to base 5.
100104
Convert -11112 (base 4) to base 11.
-291
Convert -762 (base 10) to base 3.
-1001020
1011110 (base 2) to base 6
234
35264 (base 8) to base 6
153324
What is 26e (base 15) in base 8?
1052
-1202121111 (base 3) to base 15
-a43d
Convert 221420 (base 6) to base 5.
1043031
822 (base 10) to base 13
4b3
Convert 10122010 (base 3) to base 15.
bb9
-2313 (base 4) to base 3
-20210
What is -121321 (base 4) in base 2?
-11001111001
Convert -1100 (base 11) to base 7.
-4143
What is -1a (base 16) in base 8?
-32
What is -10ca (base 13) in base 10?
-2363
What is -2232221 (base 4) in base 9?
-16288
276d (base 15) to base 3
102120011
What is -133014 (base 9) in base 7?
-454645
b87 (base 15) to base 3
10120101
50680 (base 11) to base 5
4332034
What is -2133032 (base 4) in base 11?
-7724
-bcb (base 13) to base 5
-31101
What is -9071 (base 10) in base 11?
-68a7
What is 745b (base 12) in base 13?
5a53
What is -15593 (base 12) in base 3?
-1112102210
Convert -12201002 (base 3) to base 16.
-1040
What is 86a (base 14) in base 5?
23122
30522 (base 7) to base 2
1110100101000
What is 11323 (base 5) in base 3?
1011001
Convert -10001000101011 (base 2) to base 8.
-21053
Convert 23c7 (base 13) to base 11.
3894
Convert 1011011101011 (base 2) to base 3.
22001022
Convert 10000000011 (base 2) to base 11.
854
What is 348 (base 9) in base 2?
100011111
-2b4 (base 14) to base 6
-2314
-2221011121 (base 3) to base 10
-57715
-11111111111 (base 2) to base 8
-3777
-101110101110001 (base 2) to base 3
-1012210222
-42 (base 13) to base 8
-66
What is 11103230 (base 4) in base 10?
21740
What is 18d9 (base 14) in base 8?
10627
What is 56342 (base 7) in base 9?
21472
Convert 4175a (base 11) to base 16.
ed87
What is 842 (base 9) in base 5?
10221
-22211 (base 3) to base 11
-1a7
Convert -19a (base 14) to base 8.
-514
-b31 (base 12) to base 11
-1244
4422 (base 9) to base 16
cbc
What is -11 (base 14) in base 16?
-f
-313040 (base 6) to base 11
-18007
Convert 25502 (base 8) to base 3.
120012011
What is 1303 (base 14) in base 7?
12503
10000101 (base 3) to base 4
202111
Convert -100510 (base 6) to base 9.
-11826
What is -2002021021 (base 3) in base 4?
-22000330
Convert -13131020 (base 4) to base 15.
-90ab
-10111001101 (base 2) to base 13
-8a3
Convert 425 (base 15) to base 3.
1021122
What is 764 (base 12) in base 2?
10000111100
-100011100001110 (base 2) to base 6
-220114
1e10 (base 16) to base 13
3670
What is -5a5 (base 15) in base 4?
-110000
What is 9ee (base 15) in base 5?
32444
Convert -777 (base 10) to base 15.
-36c
What is 2465 (base 8) in base 13?
7b7
What is 1166 (base 8) in base 13?
396
What is 133313 (base 4) in base 10?
2039
What is -100100010101010 (base 2) in base 10?
-18602
122300 (base 4) to base 10
1712
What is -371 (base 10) in base 14?
-1c7
-8008 (base 9) to base 2
-1011011010000
-563 (base 9) to base 12
-326
What is 4796 (base 10) in base 15?
164b
What is 11004 (base 8) in base 9?
6284
3347 (base 8) to base 14
903
Convert eb0 (base 16) to base 3.
12011021
Convert 11010111011001 (base 2) to base 12.
7b89
393 (base 12) to base 13
32a
Convert aa0 (base 11) to base 2.
10100101000
What is 1000011101010 (base 2) in base 14?
1814
What is 54560 (base 8) in base 13?
a563
Convert -5255 (base 7) to base 3.
-2112122
What is 46628 (base 9) in base 10?
31130
-3549 (base 11) to base 6
-33311
Convert -4a9 (base 13) to base 5.
-11230
Convert -34737 (base 11) to base 8.
-141726
Convert -2764 (base 8) to base 11.
-1166
-581 (base 15) to base 12
-87a
-1132 (base 7) to base 4
-12133
Convert 1302224 (base 5) to base 16.
62e2
What is -3ac (base 15) in base 5?
-11322
What is 1283 (base 9) in base 3?
1022210
-5336 (base 9) to base 5
-111141
-4b8a (base 16) to base 5
-1104323
What is 31003 (base 5) in base 2?
11111010011
Convert -1111000111 (base 2) to base 5.
-12332
Convert 1999 (base 13) to base 16.
f04
12a7 (base 13) to base 3
10122222
What is -3524 (base 6) in base 8?
-1514
What is 11330 (base 4) in base 9?
462
Convert -3024 (base 7) to base 13.
-627
Convert -1424 (base 10) to base 6.
-10332
1221112 (base 4) to base 10
6742
Convert 423 (base 5) to base 8.
161
What is 7101 (base 12) in base 10?
12241
What is -10011111000 (base 2) in base 11?
-a57
What is -3417 (base 8) in base 5?
-24212
-211221112 (base 3) to base 10
-16727
-297 (base 15) to base 11
-499
What is 1264 (base 7) in base 12?
347
-444 (base 10) to base 11
-374
13055 (base 6) to base 15
8be
What is -1599 (b